be the second derivative of 335*w**3/6 + 3*w**2/2 + 2*w. Let p = -103 + 105. Is l(p) prime?
True
Suppose -3*k + 56 = -34. Is (k/45)/((-2)/5898*-2) composite?
False
Let i = 95 - 93. Suppose -p - 3 = -2*p, i*w - 3*p - 8377 = 0. Is w a prime number?
False
Is (1034/33)/((-6)/(-2763)) a composite number?
True
Let j(t) = 5*t**2 - 3*t + 2. Let l be j(-2). Is (-9529)/(-7) - (40/l)/5 prime?
True
Let f(d) = 182*d - 111. Is f(14) a composite number?
False
Let j be (-8)/6 - 5/3. Is (-2002)/(-5) - j/5 composite?
False
Suppose 4*t = 5*w - 1940, 0*w - w - 2*t + 374 = 0. Let b = w - -211. Suppose -586 = -2*l + 4*r, 0*l - 2*l + b = -r. Is l a composite number?
True
Suppose -3*a - 35 = -2*n + 1, 3*a = -2*n + 60. Is 12/n - (-662)/4 prime?
False
Let h = -59 + 60. Is 3470/6*(h + 2) a prime number?
False
Suppose 0 = 5*u - 4*z - 1482 - 1360, 5*u + z - 2827 = 0. Let o = u - 3. Is o composite?
False
Let a(p) = 88*p + 99*p + 132*p - 85*p. Let q be a(-2). Let n = -175 - q. Is n composite?
False
Let n be 2038/6 - 11/(-33). Suppose 5*t + 166 + 174 = 4*d, -4*d = 4*t - n. Let m = d + -18. Is m prime?
True
Let s be (-21)/(-12)*2*6. Let v = s - 18. Suppose 739 - 3192 = -5*o + y, 5*y = -v*o + 1483. Is o composite?
False
Let y(m) = 6*m**2 - 10*m - 17. Let d(t) = 13*t**2 - 21*t - 35. Let k(x) = -4*d(x) + 9*y(x). Is k(9) prime?
False
Let j(y) = -67*y - 1. Let q be j(-3). Suppose -58 = -2*x + q. Let a = 110 + x. Is a a prime number?
True
Let t = 2924 - 1663. Is t a composite number?
True
Suppose 5*m + 5*b - 290 = 0, -2*b - 8 = 5*m - 292. Suppose n - 1 = 2*x + 21, m = -4*x + 5*n. Let t(u) = u**3 + 9*u**2 - 13*u + 4. Is t(x) prime?
False
Let k(q) = 161*q**2 + 36*q - 136. Is k(7) composite?
True
Is 19648/(-8 + 16) + -7 a prime number?
False
Let r(u) = 1247*u**3 + u**2. Let f be r(2). Is f/15*(-9)/(-6) composite?
True
Suppose 0 = 4*p + 5*s - 67671, -p + 2*s + 16920 = s. Is p composite?
True
Suppose 0 = 3*l - 220 + 3370. Let w = l + 1839. Is w a composite number?
True
Suppose 3865 + 818 = 21*r. Is r prime?
True
Suppose -6*g + 65 = -g. Suppose 3*j - 3568 = -g*j. Is j a composite number?
False
Let z(n) = -2319*n + 61. Let p be z(-22). Suppose 0*q - 7*q = -p. Is q composite?
False
Let y = 33266 - -77. Is y composite?
False
Let z be ((-99)/55)/((-6)/40). Is ((-898)/(-4))/(6/z) a prime number?
True
Suppose 0*x - 3*j = x - 857, -4*x = -3*j - 3488. Is x a prime number?
False
Let h = 14179 - 6792. Is h a composite number?
True
Let j be -4 - 4*(-5)/2. Let i be 4/j - 40/(-30). Suppose -826 = -3*r + 2*f, 2*r = -0*f - i*f + 564. Is r a composite number?
True
Suppose -5*v - 4*w = -17707, -5*w - 17789 + 3607 = -4*v. Is v prime?
False
Suppose o - 61736 = -2*j + 9339, -5*o = j - 35542. Is j a composite number?
False
Let h(n) = 153*n**2 - 7*n + 9. Let m = 11 + -7. Is h(m) composite?
True
Let c = -400 - -909. Is c composite?
False
Let q(u) = -3*u**3 - u**2 + 3*u + 4. Let w(z) = z**3 - 5*z**2 - 4*z - 8. Let k be w(6). Let d be q(k). Let r = 589 + d. Is r prime?
True
Suppose -5*g = -2*g + 6. Let j = 13 - g. Is j prime?
False
Let o(y) = 3*y**3 + 6*y**2 - 10*y - 3. Let m(p) = 4*p**3 + 5*p**2 - 11*p - 2. Let w(x) = -2*m(x) + 3*o(x). Is w(-8) a prime number?
True
Let l = 87998 - 50463. Is l composite?
True
Is 3/9*-2 + (-7001)/(-3) a prime number?
True
Suppose -k - 3 = 2*v, -4*k + 2*k = -5*v - 30. Suppose -k*l - 20 = 0, 2*y - 2*l + 0*l - 1278 = 0. Is y prime?
False
Suppose -209 = -2*c + 87. Let p = c + 321. Is p a composite number?
True
Suppose -4 = -2*b, 10*a - 8*a + 4*b = 27054. Is a composite?
False
Let d = 11 + 5147. Is d prime?
False
Let f = 2 - 5. Let h be (-12)/f + -1 + 0. Suppose 0 = 2*y - 27 - h. Is y composite?
True
Let x = 26 - 28. Let h(q) = -6758*q**3 - q**2 + 1. Let j be h(1). Is x/11 - j/22 a composite number?
False
Suppose -29*f + 71860 = -9*f. Is f a prime number?
True
Suppose 14*t - 12*t = 2*q - 43678, 2*q = 3*t + 43678. Is q prime?
True
Suppose 4*k = -4*f + 3 - 11, k + 8 = -4*f. Is (-5)/(20/244)*f a composite number?
True
Suppose -445 - 6079 = -14*u. Is u composite?
True
Let w(i) = 6251*i + 216. Is w(11) prime?
False
Suppose -112 = 4*l - 5*s, 5*l - 64 = 3*s - 191. Let x = l - -78. Let h = 22 + x. Is h composite?
True
Let w(v) be the first derivative of v**3/3 + v**2/2 - 3*v - 4. Let s be w(2). Suppose -111 = s*g - 6*g. Is g composite?
False
Let u = 96 + -70. Suppose -23*f + u*f = 237. Is f prime?
True
Let b(z) = -151*z - 3. Let l be b(5). Is (8 + -10)*l/4 a composite number?
False
Suppose 4*c + 1420 = 2*n, -c + 3522 = 5*n + 3*c. Is n composite?
True
Suppose 16*j + 60410 = 30*j. Is j prime?
False
Let i(h) = 243*h - 7. Suppose -11*m + 9 = -13. Is i(m) a composite number?
False
Let c(i) = -20*i**2 - 4*i. Let h(t) = -5*t**2 - t. Let p(j) = 2*c(j) - 9*h(j). Let s be p(-1). Suppose 0*n - s*n = 4*g - 184, -5*g = 2*n - 101. Is n prime?
True
Suppose 0 = 4*v - k - 81472, 24*k + 61111 = 3*v + 25*k. Is v a prime number?
True
Let a(f) be the third derivative of 47*f**4/24 + 4*f**3/3 - f**2. Is a(3) a composite number?
False
Suppose 2*i - 2*t - 6 = -3*t, -6 = -2*i - 5*t. Suppose 758 + 307 = i*v. Is v a prime number?
False
Let x(i) = -1006*i - 83. Is x(-3) prime?
False
Suppose 16*f = -30665 + 96313. Is f prime?
False
Let r(u) = -u**3 - 34*u**2 - 84*u - 39. Is r(-35) a prime number?
False
Let d(i) = 4*i**2 + 5*i + 2. Let k be d(-2). Suppose -6*b = -k*b + 6. Is 880/b + 5/(-15) a prime number?
True
Let g(o) = 204*o**2 + 5*o + 9. Is g(8) prime?
False
Let v(a) = -a + 2 - 3 + 6*a. Let h be v(11). Suppose 1 = -w + h. Is w a composite number?
False
Let q = -16 - -10. Let s be ((-4)/q)/(7/(-378)). Is s/(-84) - 3308/(-7) a composite number?
True
Let r = -81 + 96. Is (r - 16)/(2/(-314)) a composite number?
False
Let q(m) = 2*m**3 + 2*m**2 - 2*m + 1. Let w be q(1). Suppose -2*a + 2*v + 1804 = -0*a, -2*a + 1829 = w*v. Is a a composite number?
False
Suppose -3*h = -6*h + 15. Suppose 9*v - 8 = h*v. Suppose 4*u - 2*w + 0*w = 560, v*u + 5*w = 268. Is u composite?
False
Let m(k) = 5*k**2 - 26*k - 26. Is m(21) a composite number?
True
Suppose -3*k = -28 - 50. Suppose -1619 = -10*g + 2851. Suppose -23*b = -k*b + g. Is b a prime number?
True
Suppose -5*d + 1 = -c, -14 = -4*c - 2*d + 4*d. Suppose -3*r = -3*b - 1500, -1962 = -4*r - c*b + 54. Is r a composite number?
True
Suppose -68 = -4*u + 696. Suppose u = -0*n + n. Is n a composite number?
False
Is 0 + -2 + (6 - -5 - -7160) composite?
True
Is -3 + 65/25 - 94431/(-15) prime?
False
Suppose -n - 2*y + y + 458 = 0, 2296 = 5*n + 2*y. Suppose 27 = -2*z - 3. Let g = n + z. Is g a composite number?
True
Let x be 5/(-4) - 12/16. Let p = 10 + -6. Is x + 0 + 156/p a prime number?
True
Suppose 5*q + 456551 = 24*q. Is q a prime number?
True
Suppose -9*l + 15*l - 215928 = 0. Suppose 0*n + 12*n - l = 0. Is n prime?
True
Suppose -s + 1 = 2*y, 3*s = -s + 5*y + 43. Let h be 2*16/10 + 19/(-95). Let q = h + s. Is q a composite number?
True
Let s(t) be the second derivative of -t**5/5 + t**4/12 + 11*t**3/6 + 3*t**2 - 8*t. Let n be s(-7). Suppose -4*y - 146 = -n. Is y prime?
False
Let h(f) = f**3 + 5*f**2 + 3*f + 1. Let r be h(-4). Suppose 2*t + 301 = 2*d + 5*t, -154 = -d - r*t. Is d prime?
True
Let f be 2/4*(292 + 6). Suppose 2*t + 622 = d, -2*d - 3*t + 1866 = d. Let c = d - f. Is c composite?
True
Suppose 5*z - 21 = -6. Suppose -u - 324 = f, 0*f - 1636 = 5*f - z*u. Let i = f - -487. Is i composite?
True
Let n(d) = d - 1. Let r(u) = -u**2 - 8*u + 26. Let w(y) = -n(y) - r(y). Is w(-17) a composite number?
True
Suppose -133*x = -123*x - 79630. Is x prime?
True
Let r(g) be the first derivative of g**4/4 - 6*g**3 - 6*g**2 + 16*g - 1. Is r(19) a prime number?
True
Let r(i) = 8*i**2 - 41*i + 2. Is r(-21) composite?
False
Let y(z) = 7*z + 1. Let u be y(1). Suppose -10*f + 2426 = -u*f. Is f composite?
False
Let s be (-18)/(-7) + (-69)/(-161). Suppose -459 = -s*g - 24. Is g a prime number?
False
Let d be (-4 + 1)/(-2 + 1). Suppose -x - 21 = -8*x. Suppose -x*r + r = -5*s + 1861, 5*s + d*r = 1871. Is s a prime number?
True
Suppose 3983 + 93406 = 27*t. Is t a prime number?
True
Suppose 0*m = -16*m. Suppose 5*d - 5799 - 2306 = m. Is d a prime number?
True
Suppose 0*d + 5*a + 22 = d, -5*a - 12 = 4*d. Suppose -s + 135 = -d*k, k = 5*s + 68 - 707. Is s composite?
False
Let h(w) = 3*w + 13. Let g be h(0). Sup